{"id":626,"date":"2025-01-12T13:35:53","date_gmt":"2025-01-12T12:35:53","guid":{"rendered":"https:\/\/karimboumghar.com\/?page_id=626"},"modified":"2025-03-15T23:30:50","modified_gmt":"2025-03-15T22:30:50","slug":"musique-2","status":"publish","type":"page","link":"https:\/\/karimboumghar.com\/index.php\/musique-2\/","title":{"rendered":"Musique"},"content":{"rendered":"\t\t<div data-elementor-type=\"wp-page\" data-elementor-id=\"626\" class=\"elementor elementor-626\">\n\t\t\t\t<div class=\"elementor-element elementor-element-aae1039 e-flex e-con-boxed e-con e-parent\" data-id=\"aae1039\" data-element_type=\"container\">\n\t\t\t\t\t<div class=\"e-con-inner\">\n\t\t\t\t<div class=\"elementor-element elementor-element-fc24008 elementor-widget elementor-widget-image\" data-id=\"fc24008\" data-element_type=\"widget\" data-widget_type=\"image.default\">\n\t\t\t\t<div class=\"elementor-widget-container\">\n\t\t\t\t\t\t\t\t\t\t\t\t\t<img fetchpriority=\"high\" decoding=\"async\" width=\"1024\" height=\"246\" src=\"https:\/\/karimboumghar.com\/wp-content\/uploads\/2025\/01\/Fichier-5-1-1024x246.png\" class=\"attachment-large size-large wp-image-777\" alt=\"\" srcset=\"https:\/\/karimboumghar.com\/wp-content\/uploads\/2025\/01\/Fichier-5-1-1024x246.png 1024w, https:\/\/karimboumghar.com\/wp-content\/uploads\/2025\/01\/Fichier-5-1-300x72.png 300w, https:\/\/karimboumghar.com\/wp-content\/uploads\/2025\/01\/Fichier-5-1-768x184.png 768w, https:\/\/karimboumghar.com\/wp-content\/uploads\/2025\/01\/Fichier-5-1-320x77.png 320w, https:\/\/karimboumghar.com\/wp-content\/uploads\/2025\/01\/Fichier-5-1-480x115.png 480w, https:\/\/karimboumghar.com\/wp-content\/uploads\/2025\/01\/Fichier-5-1-800x192.png 800w, https:\/\/karimboumghar.com\/wp-content\/uploads\/2025\/01\/Fichier-5-1-600x144.png 600w, https:\/\/karimboumghar.com\/wp-content\/uploads\/2025\/01\/Fichier-5-1.png 1200w\" sizes=\"(max-width: 1024px) 100vw, 1024px\" \/>\t\t\t\t\t\t\t\t\t\t\t\t\t<\/div>\n\t\t\t\t<\/div>\n\t\t\t\t\t<\/div>\n\t\t\t\t<\/div>\n\t\t<div class=\"elementor-element elementor-element-b0e9594 e-flex e-con-boxed e-con e-parent\" data-id=\"b0e9594\" data-element_type=\"container\">\n\t\t\t\t\t<div class=\"e-con-inner\">\n\t\t\t\t<div class=\"elementor-element elementor-element-031136e elementor-widget__width-inherit e-transform e-transform elementor-widget elementor-widget-shortcode\" data-id=\"031136e\" data-element_type=\"widget\" data-settings=\"{&quot;_transform_translateX_effect_mobile&quot;:{&quot;unit&quot;:&quot;px&quot;,&quot;size&quot;:0,&quot;sizes&quot;:[]},&quot;_transform_translateX_effect&quot;:{&quot;unit&quot;:&quot;px&quot;,&quot;size&quot;:&quot;&quot;,&quot;sizes&quot;:[]},&quot;_transform_translateX_effect_tablet&quot;:{&quot;unit&quot;:&quot;px&quot;,&quot;size&quot;:&quot;&quot;,&quot;sizes&quot;:[]},&quot;_transform_translateY_effect&quot;:{&quot;unit&quot;:&quot;px&quot;,&quot;size&quot;:&quot;&quot;,&quot;sizes&quot;:[]},&quot;_transform_translateY_effect_tablet&quot;:{&quot;unit&quot;:&quot;px&quot;,&quot;size&quot;:&quot;&quot;,&quot;sizes&quot;:[]},&quot;_transform_translateY_effect_mobile&quot;:{&quot;unit&quot;:&quot;px&quot;,&quot;size&quot;:&quot;&quot;,&quot;sizes&quot;:[]},&quot;_transform_skewX_effect&quot;:{&quot;unit&quot;:&quot;px&quot;,&quot;size&quot;:&quot;&quot;,&quot;sizes&quot;:[]},&quot;_transform_skewX_effect_tablet&quot;:{&quot;unit&quot;:&quot;deg&quot;,&quot;size&quot;:&quot;&quot;,&quot;sizes&quot;:[]},&quot;_transform_skewX_effect_mobile&quot;:{&quot;unit&quot;:&quot;deg&quot;,&quot;size&quot;:&quot;&quot;,&quot;sizes&quot;:[]},&quot;_transform_skewY_effect&quot;:{&quot;unit&quot;:&quot;px&quot;,&quot;size&quot;:&quot;&quot;,&quot;sizes&quot;:[]},&quot;_transform_skewY_effect_tablet&quot;:{&quot;unit&quot;:&quot;deg&quot;,&quot;size&quot;:&quot;&quot;,&quot;sizes&quot;:[]},&quot;_transform_skewY_effect_mobile&quot;:{&quot;unit&quot;:&quot;deg&quot;,&quot;size&quot;:&quot;&quot;,&quot;sizes&quot;:[]}}\" data-widget_type=\"shortcode.default\">\n\t\t\t\t<div class=\"elementor-widget-container\">\n\t\t\t\t\t<div class=\"elementor-shortcode\"><iframe style=\"border-radius:12px\" src=\"https:\/\/open.spotify.com\/embed\/artist\/2uksi4nlw66ZR87W2aNwKB?utm_source=generator&theme=0\" width=\"100%\" height=\"200\" frameBorder=\"0\" allowfullscreen=\"\" allow=\"autoplay; clipboard-write; encrypted-media; fullscreen; picture-in-picture\" loading=\"lazy\"><\/iframe><\/div>\n\t\t\t\t<\/div>\n\t\t\t\t<\/div>\n\t\t\t\t\t<\/div>\n\t\t\t\t<\/div>\n\t\t<div class=\"elementor-element elementor-element-8b727b7 e-flex e-con-boxed e-con e-parent\" data-id=\"8b727b7\" data-element_type=\"container\">\n\t\t\t\t\t<div class=\"e-con-inner\">\n\t\t<div class=\"elementor-element elementor-element-84cfe7a e-con-full e-flex e-con e-child\" data-id=\"84cfe7a\" data-element_type=\"container\">\n\t\t\t\t<div class=\"elementor-element elementor-element-68202ef elementor-widget elementor-widget-video\" data-id=\"68202ef\" data-element_type=\"widget\" data-settings=\"{&quot;youtube_url&quot;:&quot;https:\\\/\\\/youtu.be\\\/Djp_3tV4RKs?si=VdNZ_eX0HoRr2wg9&quot;,&quot;video_type&quot;:&quot;youtube&quot;,&quot;controls&quot;:&quot;yes&quot;}\" data-widget_type=\"video.default\">\n\t\t\t\t<div class=\"elementor-widget-container\">\n\t\t\t\t\t<div class=\"elementor-wrapper elementor-open-inline\">\n\t\t\t<div class=\"elementor-video\"><\/div>\t\t<\/div>\n\t\t\t\t<\/div>\n\t\t\t\t<\/div>\n\t\t\t\t<\/div>\n\t\t<div class=\"elementor-element elementor-element-aff5a53 e-con-full e-flex e-con e-child\" data-id=\"aff5a53\" data-element_type=\"container\">\n\t\t<div class=\"elementor-element elementor-element-09a1eb2 e-con-full e-flex e-con e-child\" data-id=\"09a1eb2\" data-element_type=\"container\">\n\t\t\t\t<div class=\"elementor-element elementor-element-f8d23f1 elementor-widget elementor-widget-heading\" data-id=\"f8d23f1\" data-element_type=\"widget\" data-widget_type=\"heading.default\">\n\t\t\t\t<div class=\"elementor-widget-container\">\n\t\t\t<h3 class=\"elementor-heading-title elementor-size-default\">O\u00d9 EST PASS\u00c9E LA NUIT?<\/h3>\t\t<\/div>\n\t\t\t\t<\/div>\n\t\t\t\t<\/div>\n\t\t<div class=\"elementor-element elementor-element-6f58788 e-con-full e-flex e-con e-child\" data-id=\"6f58788\" data-element_type=\"container\">\n\t\t\t\t<div class=\"elementor-element elementor-element-20e66ac elementor-widget elementor-widget-heading\" data-id=\"20e66ac\" data-element_type=\"widget\" data-widget_type=\"heading.default\">\n\t\t\t\t<div class=\"elementor-widget-container\">\n\t\t\t<h5 class=\"elementor-heading-title elementor-size-default\">O\u00f9 est pass\u00e9e la nuit? est une chanson pop-rock qui nous transporte dans un monde o\u00f9 le jour semble interminable, satur\u00e9 de lumi\u00e8res \u00e9clatantes et de bruits assourdissants... Les paroles \u00e9voquent la lutte contre la pollution lumineuse et sonore, une qu\u00eate personnelle pour retrouver le calme, la paix et la simplicit\u00e9 dans un monde constamment agit\u00e9.<\/h5>\t\t<\/div>\n\t\t\t\t<\/div>\n\t\t\t\t<\/div>\n\t\t\t\t<\/div>\n\t\t\t\t\t<\/div>\n\t\t\t\t<\/div>\n\t\t<div class=\"elementor-element elementor-element-1689725 e-flex e-con-boxed e-con e-parent\" data-id=\"1689725\" data-element_type=\"container\">\n\t\t\t\t\t<div class=\"e-con-inner\">\n\t\t<div class=\"elementor-element elementor-element-24eec9a e-con-full e-flex e-con e-child\" data-id=\"24eec9a\" data-element_type=\"container\">\n\t\t\t\t<div class=\"elementor-element elementor-element-42356f0 elementor-widget elementor-widget-video\" data-id=\"42356f0\" data-element_type=\"widget\" data-settings=\"{&quot;youtube_url&quot;:&quot;https:\\\/\\\/youtu.be\\\/sSj7qDDQAik&quot;,&quot;video_type&quot;:&quot;youtube&quot;,&quot;controls&quot;:&quot;yes&quot;}\" data-widget_type=\"video.default\">\n\t\t\t\t<div class=\"elementor-widget-container\">\n\t\t\t\t\t<div class=\"elementor-wrapper elementor-open-inline\">\n\t\t\t<div class=\"elementor-video\"><\/div>\t\t<\/div>\n\t\t\t\t<\/div>\n\t\t\t\t<\/div>\n\t\t\t\t<\/div>\n\t\t<div class=\"elementor-element elementor-element-a96ade8 e-con-full e-flex e-con e-child\" data-id=\"a96ade8\" data-element_type=\"container\">\n\t\t<div class=\"elementor-element elementor-element-eb88413 e-con-full e-flex e-con e-child\" data-id=\"eb88413\" data-element_type=\"container\">\n\t\t\t\t<div class=\"elementor-element elementor-element-059c5bb elementor-widget elementor-widget-heading\" data-id=\"059c5bb\" data-element_type=\"widget\" data-widget_type=\"heading.default\">\n\t\t\t\t<div class=\"elementor-widget-container\">\n\t\t\t<h3 class=\"elementor-heading-title elementor-size-default\">O\u00d9 EST PASS\u00c9E LA NUIT?<\/h3>\t\t<\/div>\n\t\t\t\t<\/div>\n\t\t\t\t<\/div>\n\t\t<div class=\"elementor-element elementor-element-8614101 e-con-full e-flex e-con e-child\" data-id=\"8614101\" data-element_type=\"container\">\n\t\t\t\t<div class=\"elementor-element elementor-element-f343da9 elementor-widget elementor-widget-heading\" data-id=\"f343da9\" data-element_type=\"widget\" data-widget_type=\"heading.default\">\n\t\t\t\t<div class=\"elementor-widget-container\">\n\t\t\t<h5 class=\"elementor-heading-title elementor-size-default\">Version acoustique<\/h5>\t\t<\/div>\n\t\t\t\t<\/div>\n\t\t\t\t<\/div>\n\t\t\t\t<\/div>\n\t\t\t\t\t<\/div>\n\t\t\t\t<\/div>\n\t\t<div class=\"elementor-element elementor-element-6bc0b54 e-flex e-con-boxed e-con e-parent\" data-id=\"6bc0b54\" data-element_type=\"container\">\n\t\t\t\t\t<div class=\"e-con-inner\">\n\t\t<div class=\"elementor-element elementor-element-a49dc8d e-con-full e-flex e-con e-child\" data-id=\"a49dc8d\" data-element_type=\"container\">\n\t\t\t\t<div class=\"elementor-element elementor-element-3093b63 elementor-widget elementor-widget-video\" data-id=\"3093b63\" data-element_type=\"widget\" data-settings=\"{&quot;youtube_url&quot;:&quot;https:\\\/\\\/youtu.be\\\/_MwjQDtzx2k&quot;,&quot;video_type&quot;:&quot;youtube&quot;,&quot;controls&quot;:&quot;yes&quot;}\" data-widget_type=\"video.default\">\n\t\t\t\t<div class=\"elementor-widget-container\">\n\t\t\t\t\t<div class=\"elementor-wrapper elementor-open-inline\">\n\t\t\t<div class=\"elementor-video\"><\/div>\t\t<\/div>\n\t\t\t\t<\/div>\n\t\t\t\t<\/div>\n\t\t\t\t<\/div>\n\t\t<div class=\"elementor-element elementor-element-224378e e-con-full e-flex e-con e-child\" data-id=\"224378e\" data-element_type=\"container\">\n\t\t<div class=\"elementor-element elementor-element-90ddd13 e-con-full e-flex e-con e-child\" data-id=\"90ddd13\" data-element_type=\"container\">\n\t\t\t\t<div class=\"elementor-element elementor-element-f6dd20f elementor-widget elementor-widget-heading\" data-id=\"f6dd20f\" data-element_type=\"widget\" data-widget_type=\"heading.default\">\n\t\t\t\t<div class=\"elementor-widget-container\">\n\t\t\t<h3 class=\"elementor-heading-title elementor-size-default\">SOUS LES LUMIERES DE TOKYO<\/h3>\t\t<\/div>\n\t\t\t\t<\/div>\n\t\t\t\t<\/div>\n\t\t<div class=\"elementor-element elementor-element-fba640a e-con-full e-flex e-con e-child\" data-id=\"fba640a\" data-element_type=\"container\">\n\t\t\t\t<div class=\"elementor-element elementor-element-8a9711d elementor-widget elementor-widget-heading\" data-id=\"8a9711d\" data-element_type=\"widget\" data-widget_type=\"heading.default\">\n\t\t\t\t<div class=\"elementor-widget-container\">\n\t\t\t<h4 class=\"elementor-heading-title elementor-size-default\">Plongez dans l'\u00e9clat envo\u00fbtant de \"Sous les Lumi\u00e8res de Tokyo\", une ballade pop-rock captivante qui vous transporte au c\u0153ur d'une histoire d'amour passionn\u00e9e sous le lumi\u00e8re \u00e9l\u00e9ctriques de la capitale japonaise.<\/h4>\t\t<\/div>\n\t\t\t\t<\/div>\n\t\t\t\t<\/div>\n\t\t\t\t<\/div>\n\t\t\t\t\t<\/div>\n\t\t\t\t<\/div>\n\t\t<div class=\"elementor-element elementor-element-565ddb4 e-flex e-con-boxed e-con e-parent\" data-id=\"565ddb4\" data-element_type=\"container\">\n\t\t\t\t\t<div class=\"e-con-inner\">\n\t\t<div class=\"elementor-element elementor-element-8433876 e-con-full e-flex e-con e-child\" data-id=\"8433876\" data-element_type=\"container\">\n\t\t\t\t<div class=\"elementor-element elementor-element-c7bfc7c elementor-widget elementor-widget-video\" data-id=\"c7bfc7c\" data-element_type=\"widget\" data-settings=\"{&quot;youtube_url&quot;:&quot;https:\\\/\\\/youtu.be\\\/q0c_5hVEGUw&quot;,&quot;video_type&quot;:&quot;youtube&quot;,&quot;controls&quot;:&quot;yes&quot;}\" data-widget_type=\"video.default\">\n\t\t\t\t<div class=\"elementor-widget-container\">\n\t\t\t\t\t<div class=\"elementor-wrapper elementor-open-inline\">\n\t\t\t<div class=\"elementor-video\"><\/div>\t\t<\/div>\n\t\t\t\t<\/div>\n\t\t\t\t<\/div>\n\t\t\t\t<\/div>\n\t\t<div class=\"elementor-element elementor-element-4a7055a e-con-full e-flex e-con e-child\" data-id=\"4a7055a\" data-element_type=\"container\">\n\t\t<div class=\"elementor-element elementor-element-4b6308c e-con-full e-flex e-con e-child\" data-id=\"4b6308c\" data-element_type=\"container\">\n\t\t\t\t<div class=\"elementor-element elementor-element-cbd3d81 elementor-widget elementor-widget-heading\" data-id=\"cbd3d81\" data-element_type=\"widget\" data-widget_type=\"heading.default\">\n\t\t\t\t<div class=\"elementor-widget-container\">\n\t\t\t<h3 class=\"elementor-heading-title elementor-size-default\">MAINTENANT OU JAMAIS<\/h3>\t\t<\/div>\n\t\t\t\t<\/div>\n\t\t\t\t<\/div>\n\t\t<div class=\"elementor-element elementor-element-ba16634 e-con-full e-flex e-con e-child\" data-id=\"ba16634\" data-element_type=\"container\">\n\t\t\t\t<div class=\"elementor-element elementor-element-81e6f39 elementor-widget elementor-widget-heading\" data-id=\"81e6f39\" data-element_type=\"widget\" data-widget_type=\"heading.default\">\n\t\t\t\t<div class=\"elementor-widget-container\">\n\t\t\t<h4 class=\"elementor-heading-title elementor-size-default\">\"Maintenant ou Jamais\" est une chanson aux sonorit\u00e9s pop rock qui capte l'essence m\u00eame de l'urgence de vivre dans un monde en proie \u00e0 l'incertitude, \u00e0 la guerre et \u00e0 la pollution.<\/h4>\t\t<\/div>\n\t\t\t\t<\/div>\n\t\t\t\t<\/div>\n\t\t\t\t<\/div>\n\t\t\t\t\t<\/div>\n\t\t\t\t<\/div>\n\t\t<div class=\"elementor-element elementor-element-9375599 e-flex e-con-boxed e-con e-parent\" data-id=\"9375599\" data-element_type=\"container\">\n\t\t\t\t\t<div class=\"e-con-inner\">\n\t\t<div class=\"elementor-element elementor-element-cc856d9 e-con-full e-flex e-con e-child\" data-id=\"cc856d9\" data-element_type=\"container\">\n\t\t\t\t<div class=\"elementor-element elementor-element-56963c5 elementor-widget elementor-widget-video\" data-id=\"56963c5\" data-element_type=\"widget\" data-settings=\"{&quot;youtube_url&quot;:&quot;https:\\\/\\\/youtu.be\\\/OcYRcme7kVg&quot;,&quot;video_type&quot;:&quot;youtube&quot;,&quot;controls&quot;:&quot;yes&quot;}\" data-widget_type=\"video.default\">\n\t\t\t\t<div class=\"elementor-widget-container\">\n\t\t\t\t\t<div class=\"elementor-wrapper elementor-open-inline\">\n\t\t\t<div class=\"elementor-video\"><\/div>\t\t<\/div>\n\t\t\t\t<\/div>\n\t\t\t\t<\/div>\n\t\t\t\t<\/div>\n\t\t<div class=\"elementor-element elementor-element-68790a9 e-con-full e-flex e-con e-child\" data-id=\"68790a9\" data-element_type=\"container\">\n\t\t<div class=\"elementor-element elementor-element-8e69fac e-con-full e-flex e-con e-child\" data-id=\"8e69fac\" data-element_type=\"container\">\n\t\t\t\t<div class=\"elementor-element elementor-element-ceece98 elementor-widget elementor-widget-heading\" data-id=\"ceece98\" data-element_type=\"widget\" data-widget_type=\"heading.default\">\n\t\t\t\t<div class=\"elementor-widget-container\">\n\t\t\t<h3 class=\"elementor-heading-title elementor-size-default\">WHO AM I?<\/h3>\t\t<\/div>\n\t\t\t\t<\/div>\n\t\t\t\t<\/div>\n\t\t<div class=\"elementor-element elementor-element-a9216c4 e-con-full e-flex e-con e-child\" data-id=\"a9216c4\" data-element_type=\"container\">\n\t\t\t\t<div class=\"elementor-element elementor-element-b1b1c84 elementor-widget elementor-widget-heading\" data-id=\"b1b1c84\" data-element_type=\"widget\" data-widget_type=\"heading.default\">\n\t\t\t\t<div class=\"elementor-widget-container\">\n\t\t\t<h4 class=\"elementor-heading-title elementor-size-default\">\u00c0 travers des sonorit\u00e9s rock, Who am I? raconte l'histoire universelle de la qu\u00eate personnelle, du courage n\u00e9cessaire pour se d\u00e9finir malgr\u00e9 les jugements ext\u00e9rieurs.<\/h4>\t\t<\/div>\n\t\t\t\t<\/div>\n\t\t\t\t<\/div>\n\t\t\t\t<\/div>\n\t\t\t\t\t<\/div>\n\t\t\t\t<\/div>\n\t\t\t\t<\/div>\n\t\t","protected":false},"excerpt":{"rendered":"<p>https:\/\/youtu.be\/Djp_3tV4RKs?si=VdNZ_eX0HoRr2wg9 O\u00d9 EST PASS\u00c9E LA NUIT? O\u00f9 est pass\u00e9e la nuit? est une chanson pop-rock qui nous transporte dans un monde o\u00f9 le jour semble interminable, satur\u00e9 de lumi\u00e8res \u00e9clatantes et de bruits assourdissants&#8230; Les paroles \u00e9voquent la lutte contre la pollution lumineuse et sonore, une qu\u00eate personnelle pour retrouver le calme, la paix et [&hellip;]<\/p>\n","protected":false},"author":1,"featured_media":0,"parent":0,"menu_order":0,"comment_status":"closed","ping_status":"closed","template":"","meta":{"ngg_post_thumbnail":0,"footnotes":""},"class_list":["post-626","page","type-page","status-publish","hentry"],"yoast_head":"<!-- This site is optimized with the Yoast SEO plugin v24.2 - https:\/\/yoast.com\/wordpress\/plugins\/seo\/ -->\n<title>Musique - Karim Boumghar<\/title>\n<meta name=\"robots\" content=\"index, follow, max-snippet:-1, max-image-preview:large, max-video-preview:-1\" \/>\n<link rel=\"canonical\" href=\"https:\/\/karimboumghar.com\/index.php\/musique-2\/\" \/>\n<meta property=\"og:locale\" content=\"fr_FR\" \/>\n<meta property=\"og:type\" content=\"article\" \/>\n<meta property=\"og:title\" content=\"Musique - Karim Boumghar\" \/>\n<meta property=\"og:description\" content=\"https:\/\/youtu.be\/Djp_3tV4RKs?si=VdNZ_eX0HoRr2wg9 O\u00d9 EST PASS\u00c9E LA NUIT? O\u00f9 est pass\u00e9e la nuit? est une chanson pop-rock qui nous transporte dans un monde o\u00f9 le jour semble interminable, satur\u00e9 de lumi\u00e8res \u00e9clatantes et de bruits assourdissants&#8230; Les paroles \u00e9voquent la lutte contre la pollution lumineuse et sonore, une qu\u00eate personnelle pour retrouver le calme, la paix et [&hellip;]\" \/>\n<meta property=\"og:url\" content=\"https:\/\/karimboumghar.com\/index.php\/musique-2\/\" \/>\n<meta property=\"og:site_name\" content=\"Karim Boumghar\" \/>\n<meta property=\"article:publisher\" content=\"https:\/\/www.instagram.com\/karim_boumghar\" \/>\n<meta property=\"article:modified_time\" content=\"2025-03-15T22:30:50+00:00\" \/>\n<meta property=\"og:image\" content=\"https:\/\/karimboumghar.com\/wp-content\/uploads\/2025\/01\/Fichier-5-1.png\" \/>\n\t<meta property=\"og:image:width\" content=\"1200\" \/>\n\t<meta property=\"og:image:height\" content=\"288\" \/>\n\t<meta property=\"og:image:type\" content=\"image\/png\" \/>\n<meta name=\"twitter:card\" content=\"summary_large_image\" \/>\n<meta name=\"twitter:label1\" content=\"Dur\u00e9e de lecture estim\u00e9e\" \/>\n\t<meta name=\"twitter:data1\" content=\"2 minutes\" \/>\n<script type=\"application\/ld+json\" class=\"yoast-schema-graph\">{\"@context\":\"https:\/\/schema.org\",\"@graph\":[{\"@type\":\"WebPage\",\"@id\":\"https:\/\/karimboumghar.com\/index.php\/musique-2\/\",\"url\":\"https:\/\/karimboumghar.com\/index.php\/musique-2\/\",\"name\":\"Musique - Karim Boumghar\",\"isPartOf\":{\"@id\":\"https:\/\/karimboumghar.com\/#website\"},\"primaryImageOfPage\":{\"@id\":\"https:\/\/karimboumghar.com\/index.php\/musique-2\/#primaryimage\"},\"image\":{\"@id\":\"https:\/\/karimboumghar.com\/index.php\/musique-2\/#primaryimage\"},\"thumbnailUrl\":\"https:\/\/karimboumghar.com\/wp-content\/uploads\/2025\/01\/Fichier-5-1-1024x246.png\",\"datePublished\":\"2025-01-12T12:35:53+00:00\",\"dateModified\":\"2025-03-15T22:30:50+00:00\",\"breadcrumb\":{\"@id\":\"https:\/\/karimboumghar.com\/index.php\/musique-2\/#breadcrumb\"},\"inLanguage\":\"fr-FR\",\"potentialAction\":[{\"@type\":\"ReadAction\",\"target\":[\"https:\/\/karimboumghar.com\/index.php\/musique-2\/\"]}]},{\"@type\":\"ImageObject\",\"inLanguage\":\"fr-FR\",\"@id\":\"https:\/\/karimboumghar.com\/index.php\/musique-2\/#primaryimage\",\"url\":\"https:\/\/karimboumghar.com\/wp-content\/uploads\/2025\/01\/Fichier-5-1.png\",\"contentUrl\":\"https:\/\/karimboumghar.com\/wp-content\/uploads\/2025\/01\/Fichier-5-1.png\",\"width\":1200,\"height\":288},{\"@type\":\"BreadcrumbList\",\"@id\":\"https:\/\/karimboumghar.com\/index.php\/musique-2\/#breadcrumb\",\"itemListElement\":[{\"@type\":\"ListItem\",\"position\":1,\"name\":\"Accueil\",\"item\":\"https:\/\/karimboumghar.com\/\"},{\"@type\":\"ListItem\",\"position\":2,\"name\":\"Musique\"}]},{\"@type\":\"WebSite\",\"@id\":\"https:\/\/karimboumghar.com\/#website\",\"url\":\"https:\/\/karimboumghar.com\/\",\"name\":\"Karim Boumghar\",\"description\":\"Photographie. Musique. Objets d&#039;art\",\"publisher\":{\"@id\":\"https:\/\/karimboumghar.com\/#organization\"},\"alternateName\":\"Karim \u30d6\u30f3\u30ac\u30fc\",\"potentialAction\":[{\"@type\":\"SearchAction\",\"target\":{\"@type\":\"EntryPoint\",\"urlTemplate\":\"https:\/\/karimboumghar.com\/?s={search_term_string}\"},\"query-input\":{\"@type\":\"PropertyValueSpecification\",\"valueRequired\":true,\"valueName\":\"search_term_string\"}}],\"inLanguage\":\"fr-FR\"},{\"@type\":\"Organization\",\"@id\":\"https:\/\/karimboumghar.com\/#organization\",\"name\":\"Karim Boumghar\",\"alternateName\":\"Karim \u30d6\u30f3\u30ac\u30fc\",\"url\":\"https:\/\/karimboumghar.com\/\",\"logo\":{\"@type\":\"ImageObject\",\"inLanguage\":\"fr-FR\",\"@id\":\"https:\/\/karimboumghar.com\/#\/schema\/logo\/image\/\",\"url\":\"https:\/\/karimboumghar.com\/wp-content\/uploads\/2025\/01\/cropped-LOGO-KBor.jpg\",\"contentUrl\":\"https:\/\/karimboumghar.com\/wp-content\/uploads\/2025\/01\/cropped-LOGO-KBor.jpg\",\"width\":1243,\"height\":1243,\"caption\":\"Karim Boumghar\"},\"image\":{\"@id\":\"https:\/\/karimboumghar.com\/#\/schema\/logo\/image\/\"},\"sameAs\":[\"https:\/\/www.instagram.com\/karim_boumghar\",\"https:\/\/www.linkedin.com\/in\/karim-boumghar\"]}]}<\/script>\n<!-- \/ Yoast SEO plugin. -->","yoast_head_json":{"title":"Musique - Karim Boumghar","robots":{"index":"index","follow":"follow","max-snippet":"max-snippet:-1","max-image-preview":"max-image-preview:large","max-video-preview":"max-video-preview:-1"},"canonical":"https:\/\/karimboumghar.com\/index.php\/musique-2\/","og_locale":"fr_FR","og_type":"article","og_title":"Musique - Karim Boumghar","og_description":"https:\/\/youtu.be\/Djp_3tV4RKs?si=VdNZ_eX0HoRr2wg9 O\u00d9 EST PASS\u00c9E LA NUIT? O\u00f9 est pass\u00e9e la nuit? est une chanson pop-rock qui nous transporte dans un monde o\u00f9 le jour semble interminable, satur\u00e9 de lumi\u00e8res \u00e9clatantes et de bruits assourdissants&#8230; Les paroles \u00e9voquent la lutte contre la pollution lumineuse et sonore, une qu\u00eate personnelle pour retrouver le calme, la paix et [&hellip;]","og_url":"https:\/\/karimboumghar.com\/index.php\/musique-2\/","og_site_name":"Karim Boumghar","article_publisher":"https:\/\/www.instagram.com\/karim_boumghar","article_modified_time":"2025-03-15T22:30:50+00:00","og_image":[{"width":1200,"height":288,"url":"https:\/\/karimboumghar.com\/wp-content\/uploads\/2025\/01\/Fichier-5-1.png","type":"image\/png"}],"twitter_card":"summary_large_image","twitter_misc":{"Dur\u00e9e de lecture estim\u00e9e":"2 minutes"},"schema":{"@context":"https:\/\/schema.org","@graph":[{"@type":"WebPage","@id":"https:\/\/karimboumghar.com\/index.php\/musique-2\/","url":"https:\/\/karimboumghar.com\/index.php\/musique-2\/","name":"Musique - Karim Boumghar","isPartOf":{"@id":"https:\/\/karimboumghar.com\/#website"},"primaryImageOfPage":{"@id":"https:\/\/karimboumghar.com\/index.php\/musique-2\/#primaryimage"},"image":{"@id":"https:\/\/karimboumghar.com\/index.php\/musique-2\/#primaryimage"},"thumbnailUrl":"https:\/\/karimboumghar.com\/wp-content\/uploads\/2025\/01\/Fichier-5-1-1024x246.png","datePublished":"2025-01-12T12:35:53+00:00","dateModified":"2025-03-15T22:30:50+00:00","breadcrumb":{"@id":"https:\/\/karimboumghar.com\/index.php\/musique-2\/#breadcrumb"},"inLanguage":"fr-FR","potentialAction":[{"@type":"ReadAction","target":["https:\/\/karimboumghar.com\/index.php\/musique-2\/"]}]},{"@type":"ImageObject","inLanguage":"fr-FR","@id":"https:\/\/karimboumghar.com\/index.php\/musique-2\/#primaryimage","url":"https:\/\/karimboumghar.com\/wp-content\/uploads\/2025\/01\/Fichier-5-1.png","contentUrl":"https:\/\/karimboumghar.com\/wp-content\/uploads\/2025\/01\/Fichier-5-1.png","width":1200,"height":288},{"@type":"BreadcrumbList","@id":"https:\/\/karimboumghar.com\/index.php\/musique-2\/#breadcrumb","itemListElement":[{"@type":"ListItem","position":1,"name":"Accueil","item":"https:\/\/karimboumghar.com\/"},{"@type":"ListItem","position":2,"name":"Musique"}]},{"@type":"WebSite","@id":"https:\/\/karimboumghar.com\/#website","url":"https:\/\/karimboumghar.com\/","name":"Karim Boumghar","description":"Photographie. Musique. Objets d&#039;art","publisher":{"@id":"https:\/\/karimboumghar.com\/#organization"},"alternateName":"Karim \u30d6\u30f3\u30ac\u30fc","potentialAction":[{"@type":"SearchAction","target":{"@type":"EntryPoint","urlTemplate":"https:\/\/karimboumghar.com\/?s={search_term_string}"},"query-input":{"@type":"PropertyValueSpecification","valueRequired":true,"valueName":"search_term_string"}}],"inLanguage":"fr-FR"},{"@type":"Organization","@id":"https:\/\/karimboumghar.com\/#organization","name":"Karim Boumghar","alternateName":"Karim \u30d6\u30f3\u30ac\u30fc","url":"https:\/\/karimboumghar.com\/","logo":{"@type":"ImageObject","inLanguage":"fr-FR","@id":"https:\/\/karimboumghar.com\/#\/schema\/logo\/image\/","url":"https:\/\/karimboumghar.com\/wp-content\/uploads\/2025\/01\/cropped-LOGO-KBor.jpg","contentUrl":"https:\/\/karimboumghar.com\/wp-content\/uploads\/2025\/01\/cropped-LOGO-KBor.jpg","width":1243,"height":1243,"caption":"Karim Boumghar"},"image":{"@id":"https:\/\/karimboumghar.com\/#\/schema\/logo\/image\/"},"sameAs":["https:\/\/www.instagram.com\/karim_boumghar","https:\/\/www.linkedin.com\/in\/karim-boumghar"]}]}},"_links":{"self":[{"href":"https:\/\/karimboumghar.com\/index.php\/wp-json\/wp\/v2\/pages\/626","targetHints":{"allow":["GET"]}}],"collection":[{"href":"https:\/\/karimboumghar.com\/index.php\/wp-json\/wp\/v2\/pages"}],"about":[{"href":"https:\/\/karimboumghar.com\/index.php\/wp-json\/wp\/v2\/types\/page"}],"author":[{"embeddable":true,"href":"https:\/\/karimboumghar.com\/index.php\/wp-json\/wp\/v2\/users\/1"}],"replies":[{"embeddable":true,"href":"https:\/\/karimboumghar.com\/index.php\/wp-json\/wp\/v2\/comments?post=626"}],"version-history":[{"count":58,"href":"https:\/\/karimboumghar.com\/index.php\/wp-json\/wp\/v2\/pages\/626\/revisions"}],"predecessor-version":[{"id":1036,"href":"https:\/\/karimboumghar.com\/index.php\/wp-json\/wp\/v2\/pages\/626\/revisions\/1036"}],"wp:attachment":[{"href":"https:\/\/karimboumghar.com\/index.php\/wp-json\/wp\/v2\/media?parent=626"}],"curies":[{"name":"wp","href":"https:\/\/api.w.org\/{rel}","templated":true}]}}