{"id":627,"date":"2025-01-12T13:35:53","date_gmt":"2025-01-12T12:35:53","guid":{"rendered":"https:\/\/karimboumghar.com\/?page_id=627"},"modified":"2025-03-15T23:31:36","modified_gmt":"2025-03-15T22:31:36","slug":"objets-dart-2","status":"publish","type":"page","link":"https:\/\/karimboumghar.com\/index.php\/objets-dart-2\/","title":{"rendered":"Objets d&rsquo;art"},"content":{"rendered":"\t\t<div data-elementor-type=\"wp-page\" data-elementor-id=\"627\" class=\"elementor elementor-627\">\n\t\t\t\t<div class=\"elementor-element elementor-element-214ad05 e-flex e-con-boxed e-con e-parent\" data-id=\"214ad05\" data-element_type=\"container\">\n\t\t\t\t\t<div class=\"e-con-inner\">\n\t\t\t\t<div class=\"elementor-element elementor-element-687da3b elementor-widget elementor-widget-image\" data-id=\"687da3b\" data-element_type=\"widget\" data-widget_type=\"image.default\">\n\t\t\t\t<div class=\"elementor-widget-container\">\n\t\t\t\t\t\t\t\t\t\t\t\t\t<img fetchpriority=\"high\" decoding=\"async\" width=\"1024\" height=\"246\" src=\"https:\/\/karimboumghar.com\/wp-content\/uploads\/2025\/01\/Fichier-4-1-1024x246.png\" class=\"attachment-large size-large wp-image-776\" alt=\"\" srcset=\"https:\/\/karimboumghar.com\/wp-content\/uploads\/2025\/01\/Fichier-4-1-1024x246.png 1024w, https:\/\/karimboumghar.com\/wp-content\/uploads\/2025\/01\/Fichier-4-1-300x72.png 300w, https:\/\/karimboumghar.com\/wp-content\/uploads\/2025\/01\/Fichier-4-1-768x184.png 768w, https:\/\/karimboumghar.com\/wp-content\/uploads\/2025\/01\/Fichier-4-1-320x77.png 320w, https:\/\/karimboumghar.com\/wp-content\/uploads\/2025\/01\/Fichier-4-1-480x115.png 480w, https:\/\/karimboumghar.com\/wp-content\/uploads\/2025\/01\/Fichier-4-1-800x192.png 800w, https:\/\/karimboumghar.com\/wp-content\/uploads\/2025\/01\/Fichier-4-1-600x144.png 600w, https:\/\/karimboumghar.com\/wp-content\/uploads\/2025\/01\/Fichier-4-1.png 1200w\" sizes=\"(max-width: 1024px) 100vw, 1024px\" \/>\t\t\t\t\t\t\t\t\t\t\t\t\t<\/div>\n\t\t\t\t<\/div>\n\t\t\t\t\t<\/div>\n\t\t\t\t<\/div>\n\t\t<div class=\"elementor-element elementor-element-1bc739d e-flex e-con-boxed e-con e-parent\" data-id=\"1bc739d\" data-element_type=\"container\">\n\t\t\t\t\t<div class=\"e-con-inner\">\n\t\t\t\t<div class=\"elementor-element elementor-element-4699907 elementor-widget elementor-widget-heading\" data-id=\"4699907\" data-element_type=\"widget\" data-widget_type=\"heading.default\">\n\t\t\t\t<div class=\"elementor-widget-container\">\n\t\t\t<h4 class=\"elementor-heading-title elementor-size-default\">PETIT PAV\u00c9\/Fils et Empreintes<\/h4>\t\t<\/div>\n\t\t\t\t<\/div>\n\t\t\t\t<div class=\"elementor-element elementor-element-711b0f0 elementor-widget elementor-widget-heading\" data-id=\"711b0f0\" data-element_type=\"widget\" data-widget_type=\"heading.default\">\n\t\t\t\t<div class=\"elementor-widget-container\">\n\t\t\t<h5 class=\"elementor-heading-title elementor-size-default\">Cette s\u00e9rie explore la mat\u00e9rialit\u00e9 de l'image photographique enrichie par l'intervention textile. Chaque photographie est imprim\u00e9e sur papier washi japonais \u00e9pais (250g\/m\u00b2) de Awagami Factory, atelier traditionnel japonais de fabrication de papier washi. Sur cette base opaque et textur\u00e9e, j'ajoute des broderies qui cr\u00e9ent un dialogue entre l'image et la mati\u00e8re, entre la surface et le relief. Le fil traverse le papier, anime l'image, et transforme la photographie en objet hybride.\nAssembl\u00e9es en structures volum\u00e9triques compactes, ces \u0153uvres transcendent leur nature bidimensionnelle pour devenir des objets sculpturaux. Le format du petit pav\u00e9 invite \u00e0 une contemplation intime, o\u00f9 se rencontrent deux temporalit\u00e9s: celle de la capture photographique instantan\u00e9e et celle du geste patient de la broderie.<\/h5>\t\t<\/div>\n\t\t\t\t<\/div>\n\t\t\t\t<div class=\"elementor-element elementor-element-cfaa21f elementor-widget elementor-widget-heading\" data-id=\"cfaa21f\" data-element_type=\"widget\" data-widget_type=\"heading.default\">\n\t\t\t\t<div class=\"elementor-widget-container\">\n\t\t\t<h4 class=\"elementor-heading-title elementor-size-default\">PETIT PAV\u00c9\/Volumes Photographiques<\/h4>\t\t<\/div>\n\t\t\t\t<\/div>\n\t\t\t\t<div class=\"elementor-element elementor-element-0a8710d elementor-widget elementor-widget-heading\" data-id=\"0a8710d\" data-element_type=\"widget\" data-widget_type=\"heading.default\">\n\t\t\t\t<div class=\"elementor-widget-container\">\n\t\t\t<h5 class=\"elementor-heading-title elementor-size-default\">Cette s\u00e9rie explore la mat\u00e9rialit\u00e9 de l'image photographique \u00e0 travers sa pr\u00e9sentation spatiale. Chaque photographie est imprim\u00e9e sur papier washi japonais \u00e9pais (250g\/m\u00b2) de Awagami Factory, atelier traditionnel japonais de fabrication de papier washi. La texture substantielle et la surface opaque de ce papier artisanal conf\u00e8rent une pr\u00e9sence physique affirm\u00e9e \u00e0 l'image.\nAssembl\u00e9es en structures volum\u00e9triques compactes, ces impressions quittent le domaine de la plan\u00e9it\u00e9 pour devenir des objets \u00e0 part enti\u00e8re. Le format du petit pav\u00e9 transforme notre relation \u00e0 l'image photographique, cr\u00e9ant une exp\u00e9rience intime o\u00f9 la photographie n'est plus simplement regard\u00e9e, mais appr\u00e9hend\u00e9e comme volume dans l'espace. Cette approche red\u00e9finit la pr\u00e9sentation traditionnelle de la photographie, lui accordant une pr\u00e9sence sculpturale qui dialogue avec son environnement.<\/h5>\t\t<\/div>\n\t\t\t\t<\/div>\n\t\t\t\t\t<\/div>\n\t\t\t\t<\/div>\n\t\t\t\t<\/div>\n\t\t","protected":false},"excerpt":{"rendered":"<p>PETIT PAV\u00c9\/Fils et Empreintes Cette s\u00e9rie explore la mat\u00e9rialit\u00e9 de l&rsquo;image photographique enrichie par l&rsquo;intervention textile. Chaque photographie est imprim\u00e9e sur papier washi japonais \u00e9pais (250g\/m\u00b2) de Awagami Factory, atelier traditionnel japonais de fabrication de papier washi. Sur cette base opaque et textur\u00e9e, j&rsquo;ajoute des broderies qui cr\u00e9ent un dialogue entre l&rsquo;image et la mati\u00e8re, [&hellip;]<\/p>\n","protected":false},"author":1,"featured_media":0,"parent":0,"menu_order":0,"comment_status":"closed","ping_status":"closed","template":"","meta":{"ngg_post_thumbnail":0,"footnotes":""},"class_list":["post-627","page","type-page","status-publish","hentry"],"yoast_head":"<!-- This site is optimized with the Yoast SEO plugin v24.2 - https:\/\/yoast.com\/wordpress\/plugins\/seo\/ -->\n<title>Objets d&#039;art - Karim Boumghar<\/title>\n<meta name=\"robots\" content=\"index, follow, max-snippet:-1, max-image-preview:large, max-video-preview:-1\" \/>\n<link rel=\"canonical\" href=\"https:\/\/karimboumghar.com\/index.php\/objets-dart-2\/\" \/>\n<meta property=\"og:locale\" content=\"fr_FR\" \/>\n<meta property=\"og:type\" content=\"article\" \/>\n<meta property=\"og:title\" content=\"Objets d&#039;art - Karim Boumghar\" \/>\n<meta property=\"og:description\" content=\"PETIT PAV\u00c9\/Fils et Empreintes Cette s\u00e9rie explore la mat\u00e9rialit\u00e9 de l&rsquo;image photographique enrichie par l&rsquo;intervention textile. Chaque photographie est imprim\u00e9e sur papier washi japonais \u00e9pais (250g\/m\u00b2) de Awagami Factory, atelier traditionnel japonais de fabrication de papier washi. Sur cette base opaque et textur\u00e9e, j&rsquo;ajoute des broderies qui cr\u00e9ent un dialogue entre l&rsquo;image et la mati\u00e8re, [&hellip;]\" \/>\n<meta property=\"og:url\" content=\"https:\/\/karimboumghar.com\/index.php\/objets-dart-2\/\" \/>\n<meta property=\"og:site_name\" content=\"Karim Boumghar\" \/>\n<meta property=\"article:publisher\" content=\"https:\/\/www.instagram.com\/karim_boumghar\" \/>\n<meta property=\"article:modified_time\" content=\"2025-03-15T22:31:36+00:00\" \/>\n<meta property=\"og:image\" content=\"https:\/\/karimboumghar.com\/wp-content\/uploads\/2025\/01\/Fichier-4-1.png\" \/>\n\t<meta property=\"og:image:width\" content=\"1200\" \/>\n\t<meta property=\"og:image:height\" content=\"288\" \/>\n\t<meta property=\"og:image:type\" content=\"image\/png\" \/>\n<meta name=\"twitter:card\" content=\"summary_large_image\" \/>\n<meta name=\"twitter:label1\" content=\"Dur\u00e9e de lecture estim\u00e9e\" \/>\n\t<meta name=\"twitter:data1\" content=\"2 minutes\" \/>\n<script type=\"application\/ld+json\" class=\"yoast-schema-graph\">{\"@context\":\"https:\/\/schema.org\",\"@graph\":[{\"@type\":\"WebPage\",\"@id\":\"https:\/\/karimboumghar.com\/index.php\/objets-dart-2\/\",\"url\":\"https:\/\/karimboumghar.com\/index.php\/objets-dart-2\/\",\"name\":\"Objets d'art - Karim Boumghar\",\"isPartOf\":{\"@id\":\"https:\/\/karimboumghar.com\/#website\"},\"primaryImageOfPage\":{\"@id\":\"https:\/\/karimboumghar.com\/index.php\/objets-dart-2\/#primaryimage\"},\"image\":{\"@id\":\"https:\/\/karimboumghar.com\/index.php\/objets-dart-2\/#primaryimage\"},\"thumbnailUrl\":\"https:\/\/karimboumghar.com\/wp-content\/uploads\/2025\/01\/Fichier-4-1-1024x246.png\",\"datePublished\":\"2025-01-12T12:35:53+00:00\",\"dateModified\":\"2025-03-15T22:31:36+00:00\",\"breadcrumb\":{\"@id\":\"https:\/\/karimboumghar.com\/index.php\/objets-dart-2\/#breadcrumb\"},\"inLanguage\":\"fr-FR\",\"potentialAction\":[{\"@type\":\"ReadAction\",\"target\":[\"https:\/\/karimboumghar.com\/index.php\/objets-dart-2\/\"]}]},{\"@type\":\"ImageObject\",\"inLanguage\":\"fr-FR\",\"@id\":\"https:\/\/karimboumghar.com\/index.php\/objets-dart-2\/#primaryimage\",\"url\":\"https:\/\/karimboumghar.com\/wp-content\/uploads\/2025\/01\/Fichier-4-1.png\",\"contentUrl\":\"https:\/\/karimboumghar.com\/wp-content\/uploads\/2025\/01\/Fichier-4-1.png\",\"width\":1200,\"height\":288},{\"@type\":\"BreadcrumbList\",\"@id\":\"https:\/\/karimboumghar.com\/index.php\/objets-dart-2\/#breadcrumb\",\"itemListElement\":[{\"@type\":\"ListItem\",\"position\":1,\"name\":\"Accueil\",\"item\":\"https:\/\/karimboumghar.com\/\"},{\"@type\":\"ListItem\",\"position\":2,\"name\":\"Objets d&rsquo;art\"}]},{\"@type\":\"WebSite\",\"@id\":\"https:\/\/karimboumghar.com\/#website\",\"url\":\"https:\/\/karimboumghar.com\/\",\"name\":\"Karim Boumghar\",\"description\":\"Photographie. Musique. Objets d&#039;art\",\"publisher\":{\"@id\":\"https:\/\/karimboumghar.com\/#organization\"},\"alternateName\":\"Karim \u30d6\u30f3\u30ac\u30fc\",\"potentialAction\":[{\"@type\":\"SearchAction\",\"target\":{\"@type\":\"EntryPoint\",\"urlTemplate\":\"https:\/\/karimboumghar.com\/?s={search_term_string}\"},\"query-input\":{\"@type\":\"PropertyValueSpecification\",\"valueRequired\":true,\"valueName\":\"search_term_string\"}}],\"inLanguage\":\"fr-FR\"},{\"@type\":\"Organization\",\"@id\":\"https:\/\/karimboumghar.com\/#organization\",\"name\":\"Karim Boumghar\",\"alternateName\":\"Karim \u30d6\u30f3\u30ac\u30fc\",\"url\":\"https:\/\/karimboumghar.com\/\",\"logo\":{\"@type\":\"ImageObject\",\"inLanguage\":\"fr-FR\",\"@id\":\"https:\/\/karimboumghar.com\/#\/schema\/logo\/image\/\",\"url\":\"https:\/\/karimboumghar.com\/wp-content\/uploads\/2025\/01\/cropped-LOGO-KBor.jpg\",\"contentUrl\":\"https:\/\/karimboumghar.com\/wp-content\/uploads\/2025\/01\/cropped-LOGO-KBor.jpg\",\"width\":1243,\"height\":1243,\"caption\":\"Karim Boumghar\"},\"image\":{\"@id\":\"https:\/\/karimboumghar.com\/#\/schema\/logo\/image\/\"},\"sameAs\":[\"https:\/\/www.instagram.com\/karim_boumghar\",\"https:\/\/www.linkedin.com\/in\/karim-boumghar\"]}]}<\/script>\n<!-- \/ Yoast SEO plugin. -->","yoast_head_json":{"title":"Objets d'art - Karim Boumghar","robots":{"index":"index","follow":"follow","max-snippet":"max-snippet:-1","max-image-preview":"max-image-preview:large","max-video-preview":"max-video-preview:-1"},"canonical":"https:\/\/karimboumghar.com\/index.php\/objets-dart-2\/","og_locale":"fr_FR","og_type":"article","og_title":"Objets d'art - Karim Boumghar","og_description":"PETIT PAV\u00c9\/Fils et Empreintes Cette s\u00e9rie explore la mat\u00e9rialit\u00e9 de l&rsquo;image photographique enrichie par l&rsquo;intervention textile. Chaque photographie est imprim\u00e9e sur papier washi japonais \u00e9pais (250g\/m\u00b2) de Awagami Factory, atelier traditionnel japonais de fabrication de papier washi. Sur cette base opaque et textur\u00e9e, j&rsquo;ajoute des broderies qui cr\u00e9ent un dialogue entre l&rsquo;image et la mati\u00e8re, [&hellip;]","og_url":"https:\/\/karimboumghar.com\/index.php\/objets-dart-2\/","og_site_name":"Karim Boumghar","article_publisher":"https:\/\/www.instagram.com\/karim_boumghar","article_modified_time":"2025-03-15T22:31:36+00:00","og_image":[{"width":1200,"height":288,"url":"https:\/\/karimboumghar.com\/wp-content\/uploads\/2025\/01\/Fichier-4-1.png","type":"image\/png"}],"twitter_card":"summary_large_image","twitter_misc":{"Dur\u00e9e de lecture estim\u00e9e":"2 minutes"},"schema":{"@context":"https:\/\/schema.org","@graph":[{"@type":"WebPage","@id":"https:\/\/karimboumghar.com\/index.php\/objets-dart-2\/","url":"https:\/\/karimboumghar.com\/index.php\/objets-dart-2\/","name":"Objets d'art - Karim Boumghar","isPartOf":{"@id":"https:\/\/karimboumghar.com\/#website"},"primaryImageOfPage":{"@id":"https:\/\/karimboumghar.com\/index.php\/objets-dart-2\/#primaryimage"},"image":{"@id":"https:\/\/karimboumghar.com\/index.php\/objets-dart-2\/#primaryimage"},"thumbnailUrl":"https:\/\/karimboumghar.com\/wp-content\/uploads\/2025\/01\/Fichier-4-1-1024x246.png","datePublished":"2025-01-12T12:35:53+00:00","dateModified":"2025-03-15T22:31:36+00:00","breadcrumb":{"@id":"https:\/\/karimboumghar.com\/index.php\/objets-dart-2\/#breadcrumb"},"inLanguage":"fr-FR","potentialAction":[{"@type":"ReadAction","target":["https:\/\/karimboumghar.com\/index.php\/objets-dart-2\/"]}]},{"@type":"ImageObject","inLanguage":"fr-FR","@id":"https:\/\/karimboumghar.com\/index.php\/objets-dart-2\/#primaryimage","url":"https:\/\/karimboumghar.com\/wp-content\/uploads\/2025\/01\/Fichier-4-1.png","contentUrl":"https:\/\/karimboumghar.com\/wp-content\/uploads\/2025\/01\/Fichier-4-1.png","width":1200,"height":288},{"@type":"BreadcrumbList","@id":"https:\/\/karimboumghar.com\/index.php\/objets-dart-2\/#breadcrumb","itemListElement":[{"@type":"ListItem","position":1,"name":"Accueil","item":"https:\/\/karimboumghar.com\/"},{"@type":"ListItem","position":2,"name":"Objets d&rsquo;art"}]},{"@type":"WebSite","@id":"https:\/\/karimboumghar.com\/#website","url":"https:\/\/karimboumghar.com\/","name":"Karim Boumghar","description":"Photographie. Musique. Objets d&#039;art","publisher":{"@id":"https:\/\/karimboumghar.com\/#organization"},"alternateName":"Karim \u30d6\u30f3\u30ac\u30fc","potentialAction":[{"@type":"SearchAction","target":{"@type":"EntryPoint","urlTemplate":"https:\/\/karimboumghar.com\/?s={search_term_string}"},"query-input":{"@type":"PropertyValueSpecification","valueRequired":true,"valueName":"search_term_string"}}],"inLanguage":"fr-FR"},{"@type":"Organization","@id":"https:\/\/karimboumghar.com\/#organization","name":"Karim Boumghar","alternateName":"Karim \u30d6\u30f3\u30ac\u30fc","url":"https:\/\/karimboumghar.com\/","logo":{"@type":"ImageObject","inLanguage":"fr-FR","@id":"https:\/\/karimboumghar.com\/#\/schema\/logo\/image\/","url":"https:\/\/karimboumghar.com\/wp-content\/uploads\/2025\/01\/cropped-LOGO-KBor.jpg","contentUrl":"https:\/\/karimboumghar.com\/wp-content\/uploads\/2025\/01\/cropped-LOGO-KBor.jpg","width":1243,"height":1243,"caption":"Karim Boumghar"},"image":{"@id":"https:\/\/karimboumghar.com\/#\/schema\/logo\/image\/"},"sameAs":["https:\/\/www.instagram.com\/karim_boumghar","https:\/\/www.linkedin.com\/in\/karim-boumghar"]}]}},"_links":{"self":[{"href":"https:\/\/karimboumghar.com\/index.php\/wp-json\/wp\/v2\/pages\/627","targetHints":{"allow":["GET"]}}],"collection":[{"href":"https:\/\/karimboumghar.com\/index.php\/wp-json\/wp\/v2\/pages"}],"about":[{"href":"https:\/\/karimboumghar.com\/index.php\/wp-json\/wp\/v2\/types\/page"}],"author":[{"embeddable":true,"href":"https:\/\/karimboumghar.com\/index.php\/wp-json\/wp\/v2\/users\/1"}],"replies":[{"embeddable":true,"href":"https:\/\/karimboumghar.com\/index.php\/wp-json\/wp\/v2\/comments?post=627"}],"version-history":[{"count":19,"href":"https:\/\/karimboumghar.com\/index.php\/wp-json\/wp\/v2\/pages\/627\/revisions"}],"predecessor-version":[{"id":1039,"href":"https:\/\/karimboumghar.com\/index.php\/wp-json\/wp\/v2\/pages\/627\/revisions\/1039"}],"wp:attachment":[{"href":"https:\/\/karimboumghar.com\/index.php\/wp-json\/wp\/v2\/media?parent=627"}],"curies":[{"name":"wp","href":"https:\/\/api.w.org\/{rel}","templated":true}]}}